{"id":1382,"date":"2025-12-22T12:55:15","date_gmt":"2025-12-22T12:55:15","guid":{"rendered":"https:\/\/fundamentalrights.it\/?page_id=1382"},"modified":"2025-12-22T13:36:21","modified_gmt":"2025-12-22T13:36:21","slug":"fr-2-2025-eng","status":"publish","type":"page","link":"https:\/\/fundamentalrights.it\/?page_id=1382","title":{"rendered":""},"content":{"rendered":"\n<p><strong>Papers<\/strong><\/p>\n\n\n\n<p>1.&nbsp;<a href=\"https:\/\/fundamentalrights.it\/wp-content\/uploads\/2025\/12\/FR-2-2025-Cassi.pdf\"><strong>Aldo Andrea Cassi<\/strong>,<em>\u201c<\/em>Bellum iustum\u201d. \u201cIus ad bellum\u201d. \u201cIus in bello\u201d.&nbsp;<em>Une \u201cgrammaire\u201d du droit international dans la&nbsp;<\/em>scientia iuris<em>&nbsp;de l\u2019\u00e8re moderne<\/em><\/a><\/p>\n\n\n\n<ol class=\"wp-block-list\"><\/ol>\n\n\n\n<p>2.&nbsp;<strong><a href=\"https:\/\/fundamentalrights.it\/wp-content\/uploads\/2025\/12\/FR-2-2025-De-Rosa.pdf\">Francesca De Rosa,&nbsp;<\/a><\/strong><em><a href=\"https:\/\/fundamentalrights.it\/wp-content\/uploads\/2025\/12\/FR-2-2025-De-Rosa.pdf\">Il Corpo come spazio normativo: la legge e l\u2019educazione fisica nella Scienza della Legislazione di Gaetano Filangieri<\/a><\/em><\/p>\n\n\n\n<p>3.&nbsp;<strong><a href=\"https:\/\/fundamentalrights.it\/wp-content\/uploads\/2025\/12\/0FR-2-2025-Errico.pdf\">Malena Errico,&nbsp;<\/a><\/strong><em><a href=\"https:\/\/fundamentalrights.it\/wp-content\/uploads\/2025\/12\/0FR-2-2025-Errico.pdf\">De \u201ccriaturas\u201d a \u201ccreadores\u201d: Dogmatismo tecnol\u00f3gico, la narrativa redentora de la IA (inteligencia artificial) y los qubits (quantum bit) hacia la perfecci\u00f3n humana. Pecado original digital: Ad\u00e1n, Eva y la tentaci\u00f3n de la serpiente de silicio. \u00bfPuede la IA pensar por nosotros sin caer en la idolatr\u00eda digital? Dudar no para detener sino para dirigir el progreso.<\/a><\/em><\/p>\n\n\n\n<p>4.&nbsp;<a href=\"https:\/\/fundamentalrights.it\/wp-content\/uploads\/2025\/12\/FR-2-2025-Latini.pdf\"><strong>Carlotta Latini,<\/strong>&nbsp;<em>Constitutional review in Italy and the democratization process. Some reflections on the liberal state, dictatorship, and the birth of the Republic<\/em><\/a><\/p>\n\n\n\n<p><strong>Readings<\/strong><\/p>\n\n\n\n<p>1.&nbsp;<a href=\"https:\/\/fundamentalrights.it\/wp-content\/uploads\/2025\/12\/FR-2.2025-Castelli.pdf\"><strong>Marco Castelli,<\/strong>&nbsp;<em>Melodie Harris Eichbauer, Law in a Culture of Theology. The Use of Canon Law by Parisian Theologians, ca. 1120\u2013 ca. 1220, Routledge, London-New York, 2025.<\/em><\/a><\/p>\n\n\n\n<p><\/p>\n","protected":false},"excerpt":{"rendered":"<p>Papers 1.&nbsp;Aldo Andrea Cassi,\u201cBellum iustum\u201d. \u201cIus ad bellum\u201d. \u201cIus in bello\u201d.&nbsp;Une \u201cgrammaire\u201d du droit international dans la&nbsp;scientia iuris&nbsp;de l\u2019\u00e8re moderne 2.&nbsp;Francesca De Rosa,&nbsp;Il Corpo come &#8230;<\/p>\n","protected":false},"author":1,"featured_media":1366,"parent":0,"menu_order":0,"comment_status":"closed","ping_status":"closed","template":"","meta":{"footnotes":""},"class_list":["post-1382","page","type-page","status-publish","has-post-thumbnail","hentry"],"_links":{"self":[{"href":"https:\/\/fundamentalrights.it\/index.php?rest_route=\/wp\/v2\/pages\/1382","targetHints":{"allow":["GET"]}}],"collection":[{"href":"https:\/\/fundamentalrights.it\/index.php?rest_route=\/wp\/v2\/pages"}],"about":[{"href":"https:\/\/fundamentalrights.it\/index.php?rest_route=\/wp\/v2\/types\/page"}],"author":[{"embeddable":true,"href":"https:\/\/fundamentalrights.it\/index.php?rest_route=\/wp\/v2\/users\/1"}],"replies":[{"embeddable":true,"href":"https:\/\/fundamentalrights.it\/index.php?rest_route=%2Fwp%2Fv2%2Fcomments&post=1382"}],"version-history":[{"count":5,"href":"https:\/\/fundamentalrights.it\/index.php?rest_route=\/wp\/v2\/pages\/1382\/revisions"}],"predecessor-version":[{"id":1409,"href":"https:\/\/fundamentalrights.it\/index.php?rest_route=\/wp\/v2\/pages\/1382\/revisions\/1409"}],"wp:featuredmedia":[{"embeddable":true,"href":"https:\/\/fundamentalrights.it\/index.php?rest_route=\/wp\/v2\/media\/1366"}],"wp:attachment":[{"href":"https:\/\/fundamentalrights.it\/index.php?rest_route=%2Fwp%2Fv2%2Fmedia&parent=1382"}],"curies":[{"name":"wp","href":"https:\/\/api.w.org\/{rel}","templated":true}]}}