{"id":801,"date":"2022-09-15T15:46:08","date_gmt":"2022-09-15T15:46:08","guid":{"rendered":"https:\/\/fundamentalrights.it\/?page_id=801"},"modified":"2023-07-18T20:06:49","modified_gmt":"2023-07-18T20:06:49","slug":"801-2","status":"publish","type":"page","link":"https:\/\/fundamentalrights.it\/?page_id=801","title":{"rendered":""},"content":{"rendered":"\n<p><\/p>\n\n\n\n<p><strong><span class=\"has-inline-color has-red-color\">   Articoli<\/span><\/strong><\/p>\n\n\n\n<div class=\"wp-block-file\"><a id=\"wp-block-file--media-95d6d8c4-90c3-4279-a257-8d62f576e496\" href=\"https:\/\/fundamentalrights.it\/wp-content\/uploads\/2022\/10\/1-ABASOLO-impaginato.pdf\"><strong>1. Ezequiel Ab\u00e1solo,<\/strong> <em>Camillo Viterbo y sus puntos de vista sobre el sentido y alcance de los seminarios en la formaci\u00f3n jur\u00eddica. Una relevante intersecci\u00f3n de experiencias acad\u00e9micas europeas y discusiones pedag\u00f3gicas sudamericanas.<\/em><\/a><\/div>\n\n\n\n<div class=\"wp-block-file\"><a id=\"wp-block-file--media-95ea8de9-cee7-4519-9549-23605e85ed5f\" href=\"https:\/\/fundamentalrights.it\/wp-content\/uploads\/2022\/10\/2-CAVINA-impaginato.pdf\"> <span style=\"color:#0c0c0c\" class=\"has-inline-color\"><strong>2. Marco Cavina, <\/strong><em>Pena di morte e percezioni della mo<\/em>rte. <em>Quando la pena non \u00e8 pena.<\/em><\/span> <\/a><\/div>\n\n\n\n<div class=\"wp-block-file\"><a id=\"wp-block-file--media-756a53ea-7596-4625-b8cc-192db1e39bda\" href=\"https:\/\/fundamentalrights.it\/wp-content\/uploads\/2022\/10\/3-MOLASCHI-impaginato.pdf\"> <span style=\"color:#141515\" class=\"has-inline-color\"><strong>3. Viviana Molaschi,<\/strong> <em>Algoritmi e discriminazione.<\/em><\/span><em> <\/em> <\/a><\/div>\n\n\n\n<div class=\"wp-block-file\"><a id=\"wp-block-file--media-aed7c0a8-9776-46c9-9295-53d3d9f8f53c\" href=\"https:\/\/fundamentalrights.it\/wp-content\/uploads\/2022\/10\/01presentazione.pdf\">      <strong><span style=\"color:#181717\" class=\"has-inline-color\">Presentazione della sezione dedicata agli 80 anni del Codice civile.<\/span><\/strong> <\/a><\/div>\n\n\n\n<div class=\"wp-block-file\"><a id=\"wp-block-file--media-a8bf2ec8-40b4-44f5-99d1-89775a54dcb3\" href=\"https:\/\/fundamentalrights.it\/wp-content\/uploads\/2022\/10\/4-FAVALE-impaginato.pdf\"> <span style=\"color:#161717\" class=\"has-inline-color\"><strong>4. Rocco Favale,<\/strong> <em>Conclusione del contratto ed evoluzione del Codice civile.<\/em><\/span> <\/a><\/div>\n\n\n\n<div class=\"wp-block-file\"><a id=\"wp-block-file--media-f13c2f8e-62e6-4174-9fda-931a1901001f\" href=\"https:\/\/fundamentalrights.it\/wp-content\/uploads\/2022\/10\/5-MANTOVANI-impaginato.pdf\"> <span style=\"color:#111111\" class=\"has-inline-color\"><strong>5. Maria Paola Mantovani,<\/strong> <em>Il valore storico-culturale della giurisprudenza come fattore di evoluzione del diritto. <\/em><\/span> <\/a><\/div>\n\n\n\n<div class=\"wp-block-file\"><a id=\"wp-block-file--media-80161818-94d5-41ef-a5e9-eee4dc85b35f\" href=\"https:\/\/fundamentalrights.it\/wp-content\/uploads\/2022\/10\/6-MERCOGLIANO-impaginato.pdf\"> <strong><span style=\"color:#1a1a1b\" class=\"has-inline-color\">6. <\/span><\/strong><span style=\"color:#1c1c1c\" class=\"has-inline-color\"><strong>Felice Mercogliano,<\/strong> <em>Sulle tracce romanistiche del Codice civile<\/em><\/span><em>.<\/em> <\/a><\/div>\n\n\n\n<p><\/p>\n\n\n\n<p><strong><a href=\"https:\/\/fundamentalrights.it\/?page_id=76\"><span class=\"has-inline-color has-red-color\">Letture<\/span><\/a><\/strong><\/p>\n\n\n\n<div class=\"wp-block-file\"><a id=\"wp-block-file--media-64bea053-3c0b-4692-9b26-caafbaea6048\" href=\"https:\/\/fundamentalrights.it\/wp-content\/uploads\/2022\/10\/7-recensione-CASSI-impaginato.pdf\"> <strong><span style=\"color:#0c0c0c\" class=\"has-inline-color\">7. A<\/span><span style=\"color:#111111\" class=\"has-inline-color\">ldo Andrea Cassi, <\/span><\/strong><em><span style=\"color:#111111\" class=\"has-inline-color\">G. Maglio, Lezioni di filosofia dei diritti umani, Edizioni Messaggero Padova \u2013 Facolt\u00e0 teologica del Triveneto, Padova, 2021.<\/span><\/em> <\/a><\/div>\n\n\n\n<p><\/p>\n","protected":false},"excerpt":{"rendered":"<p>Articoli Letture<\/p>\n","protected":false},"author":1,"featured_media":802,"parent":0,"menu_order":0,"comment_status":"closed","ping_status":"closed","template":"","meta":{"footnotes":""},"class_list":["post-801","page","type-page","status-publish","has-post-thumbnail","hentry"],"_links":{"self":[{"href":"https:\/\/fundamentalrights.it\/index.php?rest_route=\/wp\/v2\/pages\/801","targetHints":{"allow":["GET"]}}],"collection":[{"href":"https:\/\/fundamentalrights.it\/index.php?rest_route=\/wp\/v2\/pages"}],"about":[{"href":"https:\/\/fundamentalrights.it\/index.php?rest_route=\/wp\/v2\/types\/page"}],"author":[{"embeddable":true,"href":"https:\/\/fundamentalrights.it\/index.php?rest_route=\/wp\/v2\/users\/1"}],"replies":[{"embeddable":true,"href":"https:\/\/fundamentalrights.it\/index.php?rest_route=%2Fwp%2Fv2%2Fcomments&post=801"}],"version-history":[{"count":18,"href":"https:\/\/fundamentalrights.it\/index.php?rest_route=\/wp\/v2\/pages\/801\/revisions"}],"predecessor-version":[{"id":910,"href":"https:\/\/fundamentalrights.it\/index.php?rest_route=\/wp\/v2\/pages\/801\/revisions\/910"}],"wp:featuredmedia":[{"embeddable":true,"href":"https:\/\/fundamentalrights.it\/index.php?rest_route=\/wp\/v2\/media\/802"}],"wp:attachment":[{"href":"https:\/\/fundamentalrights.it\/index.php?rest_route=%2Fwp%2Fv2%2Fmedia&parent=801"}],"curies":[{"name":"wp","href":"https:\/\/api.w.org\/{rel}","templated":true}]}}