{"id":836,"date":"2022-09-15T16:09:26","date_gmt":"2022-09-15T16:09:26","guid":{"rendered":"https:\/\/fundamentalrights.it\/?page_id=836"},"modified":"2023-07-18T20:01:07","modified_gmt":"2023-07-18T20:01:07","slug":"836-2","status":"publish","type":"page","link":"https:\/\/fundamentalrights.it\/?page_id=836","title":{"rendered":""},"content":{"rendered":"\n<p><strong><span class=\"has-inline-color has-red-color\"> <\/span><\/strong>  <strong><span class=\"has-inline-color has-red-color\">Papers<\/span><\/strong><\/p>\n\n\n\n<p><a href=\"https:\/\/fundamentalrights.it\/wp-content\/uploads\/2022\/10\/1-ABASOLO-impaginato.pdf\" data-type=\"URL\" data-id=\"https:\/\/fundamentalrights.it\/wp-content\/uploads\/2022\/10\/1-ABASOLO-impaginato.pdf\"><strong>1. Ezequiel Ab\u00e1solo,<\/strong>\u00a0<em>Camillo Viterbo y sus puntos de vista sobre el sentido y alcance de los seminarios en la formaci\u00f3n jur\u00eddica. Una relevante intersecci\u00f3n de experiencias acad\u00e9micas europeas y discusiones pedag\u00f3gicas sudamericanas.<\/em><\/a><\/p>\n\n\n\n<p><a href=\"https:\/\/fundamentalrights.it\/wp-content\/uploads\/2022\/10\/2-CAVINA-impaginato.pdf\"><strong>2. Marco Cavina,&nbsp;<\/strong><em>Pena di morte e percezioni della mo<\/em>rte.&nbsp;<em>Quando la pena non \u00e8 pena.<\/em><\/a><\/p>\n\n\n\n<p><a href=\"https:\/\/fundamentalrights.it\/wp-content\/uploads\/2022\/10\/3-MOLASCHI-impaginato.pdf\"><strong>3. Viviana Molaschi,<\/strong>&nbsp;<em>Algoritmi e discriminazione.<\/em><\/a><\/p>\n\n\n\n<p><a href=\"https:\/\/fundamentalrights.it\/wp-content\/uploads\/2022\/10\/01presentazione.pdf\"><strong>Presentazione della sezione dedicata agli 80 anni del Codice civile.<\/strong><\/a><\/p>\n\n\n\n<p><a href=\"https:\/\/fundamentalrights.it\/wp-content\/uploads\/2022\/10\/4-FAVALE-impaginato.pdf\"><strong>4. Rocco Favale,<\/strong>&nbsp;<em>Conclusione del contratto ed evoluzione del Codice civile.<\/em><\/a><\/p>\n\n\n\n<p><a href=\"https:\/\/fundamentalrights.it\/wp-content\/uploads\/2022\/10\/5-MANTOVANI-impaginato.pdf\"><strong>5. Maria Paola Mantovani,<\/strong>&nbsp;<em>Il valore storico-culturale della giurisprudenza come fattore di evoluzione del diritto.<\/em><\/a><\/p>\n\n\n\n<p><a href=\"https:\/\/fundamentalrights.it\/wp-content\/uploads\/2022\/10\/6-MERCOGLIANO-impaginato.pdf\"><strong>6.&nbsp;Felice Mercogliano,<\/strong>&nbsp;<em>Sulle tracce romanistiche del Codice civile.<\/em><\/a><\/p>\n\n\n\n<p><mark style=\"background-color:rgba(0, 0, 0, 0)\" class=\"has-inline-color has-red-color\"><strong>    Readings<\/strong><\/mark><\/p>\n\n\n\n<p><a href=\"https:\/\/fundamentalrights.it\/wp-content\/uploads\/2022\/10\/7-recensione-CASSI-impaginato.pdf\"><strong>7. Aldo Andrea Cassi,&nbsp;<\/strong><em>G. Maglio, Lezioni di filosofia dei diritti umani, Edizioni Messaggero Padova \u2013 Facolt\u00e0 teologica del Triveneto, Padova, 2021.<\/em><\/a><\/p>\n","protected":false},"excerpt":{"rendered":"<p>Papers 1. Ezequiel Ab\u00e1solo,\u00a0Camillo Viterbo y sus puntos de vista sobre el sentido y alcance de los seminarios en la formaci\u00f3n jur\u00eddica. Una relevante intersecci\u00f3n &#8230;<\/p>\n","protected":false},"author":1,"featured_media":802,"parent":0,"menu_order":0,"comment_status":"closed","ping_status":"closed","template":"","meta":{"footnotes":""},"class_list":["post-836","page","type-page","status-publish","has-post-thumbnail","hentry"],"_links":{"self":[{"href":"https:\/\/fundamentalrights.it\/index.php?rest_route=\/wp\/v2\/pages\/836","targetHints":{"allow":["GET"]}}],"collection":[{"href":"https:\/\/fundamentalrights.it\/index.php?rest_route=\/wp\/v2\/pages"}],"about":[{"href":"https:\/\/fundamentalrights.it\/index.php?rest_route=\/wp\/v2\/types\/page"}],"author":[{"embeddable":true,"href":"https:\/\/fundamentalrights.it\/index.php?rest_route=\/wp\/v2\/users\/1"}],"replies":[{"embeddable":true,"href":"https:\/\/fundamentalrights.it\/index.php?rest_route=%2Fwp%2Fv2%2Fcomments&post=836"}],"version-history":[{"count":9,"href":"https:\/\/fundamentalrights.it\/index.php?rest_route=\/wp\/v2\/pages\/836\/revisions"}],"predecessor-version":[{"id":911,"href":"https:\/\/fundamentalrights.it\/index.php?rest_route=\/wp\/v2\/pages\/836\/revisions\/911"}],"wp:featuredmedia":[{"embeddable":true,"href":"https:\/\/fundamentalrights.it\/index.php?rest_route=\/wp\/v2\/media\/802"}],"wp:attachment":[{"href":"https:\/\/fundamentalrights.it\/index.php?rest_route=%2Fwp%2Fv2%2Fmedia&parent=836"}],"curies":[{"name":"wp","href":"https:\/\/api.w.org\/{rel}","templated":true}]}}

<p><strong><span class="has-inline-color has-red-color"> </span></strong>  <strong><span class="has-inline-color has-red-color">Papers</span></strong></p>



<p><a href="https://fundamentalrights.it/wp-content/uploads/2022/10/1-ABASOLO-impaginato.pdf" data-type="URL" data-id="https://fundamentalrights.it/wp-content/uploads/2022/10/1-ABASOLO-impaginato.pdf"><strong>1. Ezequiel Abásolo,</strong> <em>Camillo Viterbo y sus puntos de vista sobre el sentido y alcance de los seminarios en la formación jurídica. Una relevante intersección de experiencias académicas europeas y discusiones pedagógicas sudamericanas.</em></a></p>



<p><a href="https://fundamentalrights.it/wp-content/uploads/2022/10/2-CAVINA-impaginato.pdf"><strong>2. Marco Cavina,&nbsp;</strong><em>Pena di morte e percezioni della mo</em>rte.&nbsp;<em>Quando la pena non è pena.</em></a></p>



<p><a href="https://fundamentalrights.it/wp-content/uploads/2022/10/3-MOLASCHI-impaginato.pdf"><strong>3. Viviana Molaschi,</strong>&nbsp;<em>Algoritmi e discriminazione.</em></a></p>



<p><a href="https://fundamentalrights.it/wp-content/uploads/2022/10/01presentazione.pdf"><strong>Presentazione della sezione dedicata agli 80 anni del Codice civile.</strong></a></p>



<p><a href="https://fundamentalrights.it/wp-content/uploads/2022/10/4-FAVALE-impaginato.pdf"><strong>4. Rocco Favale,</strong>&nbsp;<em>Conclusione del contratto ed evoluzione del Codice civile.</em></a></p>



<p><a href="https://fundamentalrights.it/wp-content/uploads/2022/10/5-MANTOVANI-impaginato.pdf"><strong>5. Maria Paola Mantovani,</strong>&nbsp;<em>Il valore storico-culturale della giurisprudenza come fattore di evoluzione del diritto.</em></a></p>



<p><a href="https://fundamentalrights.it/wp-content/uploads/2022/10/6-MERCOGLIANO-impaginato.pdf"><strong>6.&nbsp;Felice Mercogliano,</strong>&nbsp;<em>Sulle tracce romanistiche del Codice civile.</em></a></p>



<p><mark style="background-color:rgba(0, 0, 0, 0)" class="has-inline-color has-red-color"><strong>    Readings</strong></mark></p>



<p><a href="https://fundamentalrights.it/wp-content/uploads/2022/10/7-recensione-CASSI-impaginato.pdf"><strong>7. Aldo Andrea Cassi,&nbsp;</strong><em>G. Maglio, Lezioni di filosofia dei diritti umani, Edizioni Messaggero Padova – Facoltà teologica del Triveneto, Padova, 2021.</em></a></p>

<p>Papers 1. Ezequiel Abásolo, Camillo Viterbo y sus puntos de vista sobre el sentido y alcance de los seminarios en la formación jurídica. Una relevante intersección &#8230;</p>
